z(r). What is the tens digit of a(-16)?
4
Suppose -12 = -4*s + 5*l + 5, -s = 4*l - 20. Suppose -26*m = -1767 - 339. Suppose m = s*t - 5*t. What is the tens digit of t?
2
Suppose -2*g = -4*w - 280, -10*g + 5*w = -15*g + 700. What is the units digit of g?
0
Suppose -28 = -k + 11. Suppose -k = t - 174. What is the tens digit of t?
3
Let y(n) = -29*n - 3. Suppose 5 = 5*u, u - 9 = 2*m - 4*u. What is the tens digit of y(m)?
5
Suppose -3*s + 25 = -8*s. Let j = -1282 - -1301. Let i = j + s. What is the units digit of i?
4
Let n(j) = 10*j - 2. Let b be n(-1). What is the tens digit of (-3)/b - 223/(-4)?
5
Let f(g) = 188*g**2 + 3*g + 1. Suppose u + 10 = 5*z, 2*z - 6 = 3*u + 11. What is the hundreds digit of f(z)?
1
Let p = -591 + 1846. Suppose g - 295 = 5*u - p, -u + 192 = -2*g. What is the hundreds digit of u?
1
What is the thousands digit of 2/((-8)/(-3)) - (-641094)/472?
1
Let v(i) = -5*i + 30. Suppose 2*w = 4*a + 10, a + 6 = -2*w - 9. What is the tens digit of v(a)?
5
Suppose 28*d - 1167 = 401. What is the tens digit of d?
5
What is the hundreds digit of (3 + 1 - 3)/(4/5036)?
2
Let k(m) = -220*m + 91. What is the hundreds digit of k(-11)?
5
Suppose 3*d = -3*s + 3924, 5*s - 6 = 14. What is the hundreds digit of d?
3
Let s(y) be the first derivative of -3*y + 8 + 11/2*y**2. What is the tens digit of s(5)?
5
Suppose -v + 3 = -12. Let q = v - -194. What is the tens digit of q?
0
Let v = 135 + -72. Let z = v - 19. Suppose 0*y = -2*y + z. What is the units digit of y?
2
Let x(a) = 55*a - 50. Let l be x(8). Let y = l + -93. What is the tens digit of y?
9
Suppose l = -4*l - 160. Let h = l + 45. Suppose 2*f - h = 1. What is the units digit of f?
7
Let l = 4 + -19. Suppose -42*f - 2*o + 2 = -44*f, 0 = 3*o - 9. What is the tens digit of f/((-4 - -1)/l)?
1
Let x(o) = 4*o - 6 + 4 - 5. Let q be x(5). Let u(p) = -p**2 + 15*p + 6. What is the tens digit of u(q)?
3
Suppose 0 = -4*u + 2*u - 36. What is the tens digit of 2772/81 - (-4)/u?
3
Suppose -v + 92 = -z, -3*v + z + 281 = -z. Suppose 0 = -5*o + 4*n + v + 121, 5*o = -n + 208. What is the units digit of o?
2
Suppose 30*g + 81 = 33*g. Suppose g = 3*f - 261. What is the tens digit of f?
9
Suppose 0 = -3*n, d - 4*n - 12 = -d. What is the units digit of (d/9)/((-2)/(-21))?
7
Suppose 0*s + 4*l - 84 = -4*s, 41 = 2*s + 3*l. Suppose -2*r - 3*z - z = -s, -r = z - 7. What is the units digit of (9 - r) + (-2)/1?
4
Let j = -15 - -15. Suppose z - 62 = -j*o + o, -z + 58 = 3*o. What is the units digit of z?
1
Let k(o) = 12*o**2 - o + 1. Let g(u) = u**3 + 5*u**2 + 3*u - 3. Let f be g(-3). Let y be f/4 + 1/(-2). What is the tens digit of k(y)?
1
Suppose 1480 = 4*j - 24. What is the tens digit of j?
7
Let j = -19 - -270. What is the units digit of j?
1
Suppose 64 = 5*i - 56. Let g = i + 58. What is the tens digit of g?
8
Suppose -3*c + j = -7690, 2*c + 8*j - 12*j = 5110. What is the hundreds digit of c?
5
Suppose -2*g + 1663 = -627. What is the units digit of g?
5
Let n(w) = -w**2 - 15*w + 16. Let o be n(-16). Suppose o = -7*p - 0*p + 595. What is the tens digit of p?
8
Suppose 5*c + 37 = 277. Suppose -3*o + c = -33. What is the units digit of o?
7
Let p(u) = -9*u - 8. Let d be (-7)/(3 + -4) + -1. Let t(z) = -9*z - 8. Let h(w) = d*p(w) - 5*t(w). What is the tens digit of h(-7)?
5
Suppose -2*o + 5 = -1, k - o - 266 = 0. What is the hundreds digit of k?
2
Let u(i) = 4*i**3 - 11*i**2 + 13*i - 28. What is the tens digit of u(8)?
2
Let s = 3259 - -274. What is the tens digit of s?
3
Suppose 4 = -3*l - 62. What is the tens digit of 33/l*4*(-254)/12?
2
Suppose -5*a + 20 = 0, -a = -3*c - 4*a + 915. What is the tens digit of c?
0
Suppose -5*o - 1595 = -8*o + 5*i, -2*i = 3*o - 1588. What is the hundreds digit of o?
5
Suppose -2*h + 6 = 2*m, -3*h + 4*h + 5 = 3*m. Suppose -2*l - 48 = 5*v, m*v + 13 = -l - 6. Let x = v - -24. What is the units digit of x?
4
Suppose 0 = x - 6 + 4. What is the hundreds digit of (-4)/x + 1 + 189?
1
Suppose 0 = -5*o - 2*x + 28, -x - 4*x = 3*o - 13. Suppose -i + o*i = 350. Suppose 0 = -4*u, -2*b - 5*u + i = 3*b. What is the units digit of b?
4
Let o(z) = z + 1. Let c be o(-6). Let w(d) = d**3 + d**2 + d + 1. Let h be w(0). Let m = h - c. What is the units digit of m?
6
Let m = 8 - 22. Suppose -9 = -20*u + 23*u. Let x = u - m. What is the tens digit of x?
1
Let r = 13 - 3. Suppose 5*o - r = -3*z, 2*z + 0 = o - 2. Suppose -4*v = -b + 61, -5*v - 245 = -7*b + o*b. What is the units digit of b?
5
Let m be -1 + 0 - 0/(-2). Let t(j) = -9*j - 2*j - 2 - 17*j - j. What is the tens digit of t(m)?
2
Let y(b) = b**3 + 2*b**2 - b + 1. Let s be y(-2). Suppose -8 = -4*t - 2*p, 2*t - 9 = s*p - 21. Let n = 6 + t. What is the units digit of n?
6
Suppose -20 = 16*p - 21*p. Suppose h + p*h = 10. Suppose -o - h = -60. What is the tens digit of o?
5
Let y(v) = -4*v - 1. Let q be y(-1). Let w(k) = -5 + 5*k**2 + 2 + 17*k**3 - 13*k**2 - 18*k**q - 4*k. What is the units digit of w(-8)?
9
Let f(j) = -j**3 + 8*j**2 + 7*j - 14. Let g be f(7). Suppose 2*y + 18 = g. What is the tens digit of y?
3
Let a(n) = 423*n - 40. What is the units digit of a(1)?
3
Suppose 3*s - s = 8. Suppose -c - 2*c = -s*x - 24, -4*x = 3*c. Suppose -p + 24 = c*t + p, 0 = 5*p. What is the units digit of t?
6
Suppose 7*i = 3*i - 32. Let f(q) = -5*q - 4. What is the tens digit of f(i)?
3
Let u be ((-82)/4)/((-28)/(-168)). Let r = 173 + u. What is the tens digit of r?
5
Let u(n) = -14*n**2 + 5*n + 1. Let g(b) = b**2 - b. Let m(r) = -3*g(r) - u(r). Let v(i) = i**3 + i**2 + 3*i - 3. Let d be v(1). What is the tens digit of m(d)?
3
Let n = 27 - 22. Suppose n*z - 9*z = -3*f - 539, -670 = -5*z + 5*f. What is the tens digit of z?
3
Let h(d) be the third derivative of d**6/720 + d**5/30 + 3*d**4/8 + 2*d**2. Let l(n) be the second derivative of h(n). What is the units digit of l(3)?
7
Suppose 17716 = -k + 5*k + 4*r, k = -3*r + 4437. What is the tens digit of k?
2
Let o(h) = 2*h**2 + 9*h - 6. Let y = -13 - -15. Let x be -2 - -10*y/(-4). What is the units digit of o(x)?
9
Let x = 2 + -4. Let u be 237/x*6/(-9). Suppose 0 = -5*m - w + u, -4*m + 4*w = 3 - 47. What is the tens digit of m?
1
Let p = 135 + -70. Let a = p - -66. What is the tens digit of a?
3
Let o be (-18)/4*(-468)/(-27). Let b be (o/(-10))/((-8)/(-40)). Suppose -4*z = -z - b. What is the units digit of z?
3
Let w(y) = -5*y + 12. Let p be w(16). Suppose -6*r = -3*r - 12. What is the tens digit of r*p/16*-1?
1
Suppose -9 = -11*a + 8*a. Suppose -m + a*h = -0*m - 57, 5*h - 17 = -m. Suppose -6 + m = 3*l. What is the tens digit of l?
1
Let h = -47 + 45. What is the hundreds digit of (104 - 2) + h/2?
1
Let u(l) be the third derivative of -43*l**4/8 - l**3/3 - 18*l**2. What is the hundreds digit of u(-1)?
1
Suppose 400 = o - 4*a, -2*o + 1252 = o + a. What is the tens digit of o?
1
Let l = -6 + 37. Suppose 0 = -5*h + 10, 4*b - 66 = -2*h + h. Let o = l - b. What is the tens digit of o?
1
Let l be (-4)/14 + (-36)/21. What is the units digit of l/(-3) + 132/18?
8
Let l(b) = -2*b**3 - 5*b**2 - 12*b - 11. Let v(a) = -a**3 - 2*a**2 - 6*a - 6. Let p(d) = 3*l(d) - 5*v(d). What is the tens digit of p(-5)?
2
Let s(z) = -183*z**3 - z - 1. Let o be 1 - -8*(22/8 + -3). What is the tens digit of s(o)?
8
What is the tens digit of (1 - -922) + (5 + -8 - 0)?
2
Suppose 6*t - 7*t + 71 = 3*f, 4*t + f = 251. Suppose 4*y - 3*y - 93 = 0. Let n = y - t. What is the units digit of n?
1
Let y = -3 - 0. What is the units digit of y/(-4) - (-585)/36?
7
Suppose -6 = 3*q - 15. Suppose 0 = -q*j - 0*a + 3*a + 93, a = -2*j + 68. What is the units digit of j?
3
Let q(z) = -47*z - 6. What is the tens digit of q(-1)?
4
Suppose -36256 = -26*r + 10*r. What is the hundreds digit of r?
2
Suppose 15*g - 45 = 6*g. Suppose 0 = -5*j - 4*n + 158, -7 = -j + g*n + 13. What is the units digit of j?
0
Suppose 4*c - 5024 = -4*x, -c = 10*x - 8*x - 1251. What is the thousands digit of c?
1
Let q be 6/(-8)*(-532)/21. Let s = -131 - -283. Suppose 15*i = q*i - s. What is the units digit of i?
8
Let c = 15 - 13. Let r be 87/c + 3/(-2). Suppose -z = 3*s - r, 0 = 5*s + z - 27 - 41. What is the units digit of s?
3
Suppose 0 = -2*u + 2*l - 50, -5*u - 5*l - 27 - 68 = 0. Let c be ((-84)/(-35))/(1/(-5)). Let m = c - u. What is the units digit of m?
0
Suppose 35*l - 33*l - 2592 = 0. What is 